r when 172 is divided by ((-14)/3)/((-72)/540)?
32
Suppose -3 = i - 8, -2*v - 4*i = -20. Suppose -7*j + 26 + 100 = v. Suppose -2*q + 25 = 3*q. What is the remainder when j is divided by q?
3
Let b(c) = 9*c - 20. Calculate the remainder when b(14) is divided by (-6)/(-5 - 9/(-2)).
10
Let b(r) = 3*r - 6. Let f be b(3). Suppose -4*p = -27 + f. Calculate the remainder when 13 is divided by 1 + -2 + 3 + p.
5
Let o(f) = f**2 + 43*f - 122. Calculate the remainder when 382/6 + (-4)/6 is divided by o(3).
15
Suppose -4*o - 138 = -l, -2*l + 5*l - 2*o = 394. What is the remainder when l is divided by 29?
14
Suppose 5*v - 4*x = -x + 79, -57 = -3*v + 5*x. Suppose 18*d - v*d = 52. What is the remainder when d is divided by 4?
1
Suppose -47 = -6*n + 5*n. What is the remainder when 180 is divided by n?
39
Let z(p) = 1328*p**2 + 32*p - 30. Calculate the remainder when z(1) is divided by 37.
35
Let h(a) = -10 + 9 + 9*a + 10. What is the remainder when 53 is divided by h(2)?
26
Suppose 4*p + 168 = 12*p. Suppose t + 2*t - 5*v = 130, -4*t + 2*v = -164. What is the remainder when t is divided by p?
19
Let x = 7 + -5. Let d = 639 + -644. Calculate the remainder when 122 is divided by x/(-5) - 157/d.
29
Suppose 3*j - 151 = p, -7*p + 6*p + 2 = 0. Let t(o) = -o + 3. Calculate the remainder when j is divided by t(-6).
6
Suppose 5*i = 3*z + 1679, -4*z = 2*i + 187 - 843. Calculate the remainder when i is divided by 88.
70
Let a(y) be the third derivative of y**6/120 - y**5/10 - y**4/8 + 2*y**3/3 - 18*y**2. What is the remainder when 158 is divided by a(7)?
30
Let k = 266 - -65. What is the remainder when k is divided by 24?
19
Let l be ((-12)/10)/(4/(-170)). Let f = l - 29. Calculate the remainder when f is divided by 6.
4
Suppose 0 = o + 5*z - 6*z - 26, 60 = 2*o + 2*z. Let i be (-10)/4*o/(-35). Calculate the remainder when 6 is divided by i + 0*(-1 - -2).
0
Let q = -1229 - -1326. What is the remainder when 1842 is divided by q?
96
Suppose 0 = 17*x - 14*x - 5*k - 100, 4*x - k - 105 = 0. Calculate the remainder when 143 is divided by x.
18
Let l = -8 - -46. Let s = 20 - 6. Let z = l - s. What is the remainder when z is divided by 9?
6
What is the remainder when 836 is divided by (-186)/651 - 3/(42/(-298))?
17
Calculate the remainder when 117 is divided by (65/20)/(12/144) + 2.
35
Suppose 4*t + 3*f - 42 = 56, f - 24 = -t. Calculate the remainder when 39 is divided by t.
13
Calculate the remainder when 119/34 - (-774)/4 is divided by 8.
5
Suppose -2*p = -3*p + 8. What is the remainder when (-1)/(-4) - (-364)/16 is divided by p?
7
Suppose 3*r - 39 = -0*r. Calculate the remainder when r is divided by -5 - (-5 + 1) - (-19 - -13).
3
Suppose -9*b = -4*b, 0 = 2*y + 2*b - 260. What is the remainder when y is divided by 34?
28
Suppose -5*x + 17 = -18. Let q(b) = 15*b**2 - b - 1. Let n be q(3). Suppose -w = u - 23, -3*u + n = 2*u + w. Calculate the remainder when u is divided by x.
6
Let z = 40 - 14. Suppose -2*h = -3*p + 13, h = -3*h + 4*p - 24. Let l = 10 - h. What is the remainder when z is divided by l?
11
Let z(x) = x**3 - 10*x**2 - 10*x - 5. Let u be z(11). Suppose m - u = 13. Let r = 44 - -12. Calculate the remainder when r is divided by m.
18
Suppose -59 = -4*m + 61. Let o(f) = m + 22 - 5 + 2*f - 1. Calculate the remainder when o(0) is divided by 24.
22
Suppose 4*f = -f + 20. Let k(b) = -b**3 + 5*b**2 + 8*b - 20. Let h be k(6). What is the remainder when 80 is divided by (h - -2)/(f/(-18))?
26
What is the remainder when 781 is divided by (2 + (-5 - -11))/1?
5
Suppose 5*t - 465 = 5*f, 5*f - 176 - 169 = -4*t. What is the remainder when 229 is divided by t?
49
Let z = 124 + -67. Let p = -267 - -277. Calculate the remainder when z is divided by p.
7
Suppose 2 = 2*l + 2*a, 4*l + a - 13 = -0*a. Let h(q) be the first derivative of -3*q**2/2 - 7*q - 3. Calculate the remainder when h(-6) is divided by l.
3
Let c(z) = z**3 - 47*z**2 - 97*z + 39. Calculate the remainder when c(49) is divided by 18.
16
Let r = -346 + 356. Let b = 42 - -6. What is the remainder when b is divided by r?
8
Let i(k) = -k**3 - 3*k**2 - 3*k + 2. Let q be ((-56)/20 + 2)*5. What is the remainder when i(q) is divided by (-2)/5 + 84/10?
6
Suppose 0 = 2*l + 18 - 96. Calculate the remainder when 9*2*1/((-2)/(-17)) is divided by l.
36
Let q(u) = 77*u**2 - 22*u - 39. What is the remainder when q(-2) is divided by 7?
5
Let w = -2813 - -2816. What is the remainder when 545 is divided by w?
2
Calculate the remainder when 548 is divided by (-20 + 23)/(1*6/100).
48
Suppose 229 = -5*n + 834. Let w = -73 + n. Suppose -50 - 35 = -5*r. What is the remainder when w is divided by r?
14
Suppose -5*w = -4*s + 660, 324 = 3*s - 3*w - 171. Suppose -97 - 28 = -5*v + 3*i, 5*v = -5*i + s. Calculate the remainder when 55 is divided by v.
27
Let l = 33 - 22. Let r = -5 + 23. Suppose 5*o = -n + 165, -4*n - 58 = -3*o + r. What is the remainder when o is divided by l?
10
Let a = 51 - 48. Let v(c) = -c**3 + 4*c**2 + 2*c + 2. Calculate the remainder when 46 is divided by v(a).
12
Let q(p) = 3*p**2 - 32*p + 122. What is the remainder when q(10) is divided by 43?
16
Let w(p) = p**3 - 4*p**2 - 6*p - 5. Suppose 71*c - 602 = -34. What is the remainder when w(6) is divided by c?
7
Let y(t) = t**3 - 23*t**2 - t - 38. Let s be y(23). Let v = 73 + s. Calculate the remainder when 34 is divided by v.
10
What is the remainder when 224 is divided by (-77)/(-3) - (4 + (-100)/30)?
24
Suppose -223 = -6*o - 7. Calculate the remainder when o is divided by 6.
0
Let m = -1496 - -2567. Calculate the remainder when m is divided by 43.
39
Let z(b) = -10*b - 175. Let j(r) = 44*r**2 - 2*r + 1. Calculate the remainder when j(1) is divided by z(-19).
13
Suppose 2*k = -2*k + 44. Let l(x) be the second derivative of 3*x**4/2 - x**3/6 + x**2 + 9*x. What is the remainder when l(1) is divided by k?
8
Suppose 34 = 4*d - 42. Suppose 4*q - 4*t + t = 25, 4*t = 2*q - 20. What is the remainder when d is divided by q?
3
Let d(g) = -g**2 - 11*g + 29. Let h be d(-13). Suppose h*j - 4*y = 65, -21 = 3*j - 4*j + 2*y. What is the remainder when 68 is divided by j?
22
Let d = -62 - -58. Calculate the remainder when 44 is divided by (-24)/9*6/d*4.
12
Let b = 83 + -47. Calculate the remainder when b is divided by 15.
6
Suppose -4*g + 3*z = -182 - 1, 2*z = -2. What is the remainder when 160 is divided by g?
25
Suppose 15 = 3*v + 2*v. Let o(p) = 6 + v*p - 6 + p**2 + 3*p + 6. What is the remainder when 14 is divided by o(-6)?
2
Let h(f) = f**3 - 2. Calculate the remainder when h(4) is divided by 2/(-5) + ((-162)/5)/(-1).
30
Let s = 30 - 6. Suppose -5*w = -5*i + 355, -2*i + w + 497 = 5*i. Calculate the remainder when i is divided by s.
23
Calculate the remainder when ((-610)/15)/(18/(-27)) is divided by 25.
11
Suppose -34 = -10*k + 9*k. Suppose -9*b - k = -97. What is the remainder when 12 is divided by b?
5
Let c be (6 + -2 - -1)*(-8)/10. Suppose 4*o = -4, -22 = -3*t - 2*o + 15. What is the remainder when 4 + (41/1 - c) is divided by t?
10
Let u(m) = 11*m + 195. What is the remainder when u(-14) is divided by 14?
13
Calculate the remainder when 2/(1505/5950 + 1/(-4)) is divided by 22.
20
Let k = 137 + -131. Calculate the remainder when 17 is divided by k.
5
Let q(y) = -20 - 2*y + 38 - 2*y - 21. Suppose 0 = 5*g - 71 - 179. Calculate the remainder when g is divided by q(-5).
16
Suppose 33*d - 69 - 2208 = 0. What is the remainder when 155 is divided by d?
17
What is the remainder when (-232 + 5)*3/(-9)*3 is divided by 20?
7
Let n = 8 - -12. Let g = n + -18. Suppose -2*j + 28 = g. What is the remainder when j is divided by 7?
6
Suppose -21 + 191 = -2*u. Suppose -3*b + 219 = -0*b. Calculate the remainder when b is divided by 6/9*3 + u/(-5).
16
Let m(k) = -k**3 + 9*k**2 - 7*k - 9. Let b be m(8). Calculate the remainder when 74 - (-2)/(-2)*(-4 + 3) is divided by b/1*(3 - 22).
18
Let i(f) be the third derivative of 1/8*f**4 + 0*f - 1/3*f**3 + 5*f**2 + 0. What is the remainder when 11 is divided by i(3)?
4
Let z = 1036 + -650. Suppose -z = -3*i - 5. Suppose -5*p = -4*k - 156, -14 - 87 = -3*p - 5*k. What is the remainder when i is divided by p?
31
Suppose 2*g - r = 58, g = -0*g + 2*r + 23. Calculate the remainder when 185 is divided by g.
30
Suppose -69*o + 75*o - 1206 = 0. Calculate the remainder wh